the highest common factor of 144 and 252?
36
What is the highest common divisor of 260 and 754?
26
Calculate the highest common divisor of 6204 and 55.
11
What is the greatest common divisor of 64 and 16?
16
What is the greatest common divisor of 689 and 65?
13
What is the highest common factor of 11528 and 352?
88
What is the greatest common divisor of 20241 and 117?
117
Calculate the highest common factor of 817 and 86.
43
Calculate the greatest common factor of 1111 and 297.
11
What is the highest common factor of 1088 and 68?
68
What is the greatest common divisor of 62 and 155?
31
Calculate the highest common divisor of 1677 and 39.
39
Calculate the greatest common factor of 1660 and 20.
20
What is the greatest common factor of 1148 and 28?
28
Calculate the greatest common divisor of 28042 and 14.
14
Calculate the greatest common divisor of 42 and 6.
6
What is the highest common divisor of 2706 and 66?
66
What is the greatest common factor of 7 and 14273?
7
What is the highest common factor of 31 and 527?
31
What is the greatest common factor of 215 and 344?
43
What is the greatest common factor of 171 and 225?
9
Calculate the highest common factor of 360 and 2400.
120
What is the highest common divisor of 1 and 38?
1
Calculate the greatest common divisor of 1892 and 44.
44
Calculate the highest common divisor of 530 and 4558.
106
What is the highest common factor of 208 and 26?
26
What is the highest common divisor of 242 and 44?
22
Calculate the highest common factor of 11 and 176.
11
What is the highest common factor of 48 and 9?
3
Calculate the highest common factor of 63 and 47.
1
What is the greatest common factor of 10 and 44410?
10
Calculate the greatest common factor of 1386 and 33.
33
What is the greatest common factor of 5166 and 378?
126
Calculate the greatest common divisor of 44 and 110.
22
What is the greatest common factor of 18 and 3924?
18
What is the greatest common factor of 7 and 3493?
7
What is the greatest common divisor of 2 and 778?
2
Calculate the greatest common factor of 5 and 305.
5
Calculate the highest common factor of 96 and 5424.
48
Calculate the highest common factor of 2540 and 60.
20
Calculate the greatest common divisor of 12 and 12.
12
What is the highest common divisor of 4 and 298?
2
What is the highest common factor of 3900 and 65?
65
Calculate the highest common factor of 21 and 231.
21
Calculate the greatest common factor of 14 and 2933.
7
Calculate the highest common divisor of 120 and 162.
6
What is the greatest common divisor of 54 and 702?
54
Calculate the greatest common divisor of 22 and 1309.
11
Calculate the greatest common divisor of 68 and 4.
4
Calculate the greatest common factor of 468 and 3393.
117
Calculate the greatest common divisor of 59 and 2832.
59
What is the highest common factor of 1005 and 75?
15
Calculate the highest common factor of 527 and 31.
31
What is the highest common factor of 468 and 36?
36
What is the greatest common factor of 8 and 108?
4
What is the greatest common divisor of 4095 and 210?
105
Calculate the highest common divisor of 224 and 14224.
112
What is the greatest common factor of 3 and 27?
3
What is the highest common factor of 3 and 475?
1
What is the highest common divisor of 68 and 12?
4
What is the greatest common divisor of 780 and 144?
12
What is the highest common factor of 845 and 260?
65
What is the greatest common factor of 12 and 132?
12
Calculate the greatest common divisor of 54 and 12.
6
Calculate the highest common divisor of 232 and 8.
8
What is the greatest common factor of 88 and 1496?
88
Calculate the greatest common factor of 616 and 200.
8
Calculate the highest common divisor of 8 and 256.
8
What is the greatest common factor of 657 and 6132?
219
What is the highest common factor of 350 and 50?
50
What is the highest common factor of 296 and 16?
8
Calculate the greatest common divisor of 33 and 154.
11
What is the greatest common factor of 105 and 609?
21
What is the highest common divisor of 35730 and 90?
90
What is the greatest common factor of 782 and 51?
17
What is the highest common divisor of 2 and 14?
2
Calculate the greatest common factor of 121 and 55.
11
Calculate the greatest common divisor of 3 and 762.
3
What is the greatest common factor of 15 and 51?
3
Calculate the greatest common divisor of 20654 and 92.
46
What is the highest common factor of 56 and 1512?
56
Calculate the greatest common factor of 1200 and 48.
48
What is the greatest common divisor of 13013 and 55?
11
What is the greatest common factor of 50 and 140?
10
What is the greatest common factor of 1870 and 1530?
170
Calculate the greatest common factor of 28 and 10206.
14
What is the highest common factor of 12 and 1500?
12
Calculate the greatest common divisor of 2115 and 188.
47
Calculate the highest common factor of 1353 and 6.
3
What is the highest common divisor of 737 and 1541?
67
Calculate the highest common factor of 40 and 24.
8
What is the greatest common divisor of 506 and 44?
22
Calculate the greatest common factor of 806 and 26.
26
What is the greatest common factor of 50 and 250?
50
Calculate the highest common factor of 322 and 230.
46
Calculate the highest common divisor of 48 and 84.
12
What is the highest common factor of 24 and 822?
6
Calculate the highest common divisor of 105 and 60.
15
What is the greatest common divisor of 29 and 59363?
29
Calculate the greatest common divisor of 2 and 8548.
2
What is the highest common divisor of 5 and 685?
5
Calculate the highest common divisor of 26 and 26.
26
Calculate the greatest common divisor of 59 and 33925.
59
What is the highest common divisor of 19652 and 136?
68
Calculate the greatest common factor of 672 and 147.
21
Calculate the highest common divisor of 326 and 8.
2
What is the highest common divisor of 18 and 1398?
6
What is the greatest common divisor of 41 and 1189?
41
Calculate the highest common factor of 468 and 1716.
156
Calculate the greatest common divisor of 477 and 3392.
53
What is the highest common divisor of 50542 and 74?
74
What is the highest common factor of 640 and 30?
10
Calculate the greatest common divisor of 1125 and 234.
9
What is the greatest common factor of 190 and 1786?
38
Calculate the highest common factor of 81 and 3150.
9
Calculate the highest common factor of 96 and 6.
6
Calculate the highest common divisor of 65 and 5.
5
Calculate the greatest common divisor of 2961 and 189.
63
What is the greatest common divisor of 296 and 16?
8
Calculate the greatest common factor of 17 and 187.
17
What is the highest common divisor of 33 and 3?
3
Calculate the greatest common divisor of 120 and 12165.
15
What is the greatest common divisor of 50 and 30?
10
What is the highest common factor of 240 and 15450?
30
What is the greatest common divisor of 135 and 60?
15
What is the highest common divisor of 2442 and 66?
66
Calculate the greatest common factor of 4 and 10.
2
What is the highest common divisor of 180 and 1380?
60
Calculate the highest common divisor of 88 and 572.
44
Calculate the highest common divisor of 58 and 2.
2
What is the highest common factor of 20 and 535?
5
What is the greatest common divisor of 32340 and 14?
14
What is the greatest common factor of 1644 and 66?
6
Calculate the highest common divisor of 1573 and 44.
11
What is the greatest common factor of 238 and 70?
14
Calculate the greatest common factor of 2372 and 4.
4
What is the highest common divisor of 24 and 32?
8
What is the highest common factor of 11562 and 470?
94
What is the highest common divisor of 48 and 1968?
48
What is the highest common divisor of 70 and 805?
35
What is the highest common factor of 108 and 1053?
27
Calculate the highest common divisor of 721 and 3193.
103
Calculate the greatest common divisor of 228 and 722.
38
Calculate the greatest common factor of 103 and 4429.
103
What is the greatest common factor of 324 and 876?
12
What is the highest common divisor of 5160 and 120?
120
Calculate the highest common factor of 48 and 3088.
16
Calculate the highest common divisor of 855 and 114.
57
Calculate the highest common factor of 128 and 1888.
32
What is the greatest common factor of 1204 and 4042?
86
What is the greatest common factor of 22959 and 9?
9
What i